{"id":833,"date":"2021-09-17T14:06:45","date_gmt":"2021-09-17T12:06:45","guid":{"rendered":"https:\/\/www.universitedesfamilles.be\/?page_id=833"},"modified":"2021-09-17T15:59:17","modified_gmt":"2021-09-17T13:59:17","slug":"enseignement-a-domicile","status":"publish","type":"page","link":"https:\/\/universitedesfamilles.be\/index.php\/enseignement-a-domicile\/","title":{"rendered":"Enseignement \u00e0 domicile"},"content":{"rendered":"\t\t<div data-elementor-type=\"wp-page\" data-elementor-id=\"833\" class=\"elementor elementor-833\" data-elementor-post-type=\"page\">\n\t\t\t\t\t\t<section class=\"elementor-section elementor-top-section elementor-element elementor-element-17a6a6a elementor-section-content-middle elementor-section-boxed elementor-section-height-default elementor-section-height-default\" data-id=\"17a6a6a\" data-element_type=\"section\" data-settings=\"{&quot;background_background&quot;:&quot;classic&quot;}\">\n\t\t\t\t\t\t\t<div class=\"elementor-background-overlay\"><\/div>\n\t\t\t\t\t\t\t<div class=\"elementor-container elementor-column-gap-no\">\n\t\t\t\t\t<div class=\"elementor-column elementor-col-100 elementor-top-column elementor-element elementor-element-29f0caa\" data-id=\"29f0caa\" data-element_type=\"column\">\n\t\t\t<div class=\"elementor-widget-wrap elementor-element-populated\">\n\t\t\t\t\t\t<div class=\"elementor-element elementor-element-260416b elementor-widget elementor-widget-heading\" data-id=\"260416b\" data-element_type=\"widget\" data-widget_type=\"heading.default\">\n\t\t\t\t<div class=\"elementor-widget-container\">\n\t\t\t<style>\/*! elementor - v3.22.0 - 17-06-2024 *\/\n.elementor-heading-title{padding:0;margin:0;line-height:1}.elementor-widget-heading .elementor-heading-title[class*=elementor-size-]>a{color:inherit;font-size:inherit;line-height:inherit}.elementor-widget-heading .elementor-heading-title.elementor-size-small{font-size:15px}.elementor-widget-heading .elementor-heading-title.elementor-size-medium{font-size:19px}.elementor-widget-heading .elementor-heading-title.elementor-size-large{font-size:29px}.elementor-widget-heading .elementor-heading-title.elementor-size-xl{font-size:39px}.elementor-widget-heading .elementor-heading-title.elementor-size-xxl{font-size:59px}<\/style><h3 class=\"elementor-heading-title elementor-size-default\">Enseignement \u00e0 domicile<\/h3>\t\t<\/div>\n\t\t\t\t<\/div>\n\t\t\t\t\t<\/div>\n\t\t<\/div>\n\t\t\t\t\t<\/div>\n\t\t<\/section>\n\t\t\t\t<section class=\"elementor-section elementor-top-section elementor-element elementor-element-c92610b elementor-section-boxed elementor-section-height-default elementor-section-height-default\" data-id=\"c92610b\" data-element_type=\"section\">\n\t\t\t\t\t\t<div class=\"elementor-container elementor-column-gap-default\">\n\t\t\t\t\t<div class=\"elementor-column elementor-col-100 elementor-top-column elementor-element elementor-element-4f63e7a\" data-id=\"4f63e7a\" data-element_type=\"column\">\n\t\t\t<div class=\"elementor-widget-wrap elementor-element-populated\">\n\t\t\t\t\t\t<div class=\"elementor-element elementor-element-cbc7393 elementor-widget elementor-widget-text-editor\" data-id=\"cbc7393\" data-element_type=\"widget\" data-widget_type=\"text-editor.default\">\n\t\t\t\t<div class=\"elementor-widget-container\">\n\t\t\t<style>\/*! elementor - v3.22.0 - 17-06-2024 *\/\n.elementor-widget-text-editor.elementor-drop-cap-view-stacked .elementor-drop-cap{background-color:#69727d;color:#fff}.elementor-widget-text-editor.elementor-drop-cap-view-framed .elementor-drop-cap{color:#69727d;border:3px solid;background-color:transparent}.elementor-widget-text-editor:not(.elementor-drop-cap-view-default) .elementor-drop-cap{margin-top:8px}.elementor-widget-text-editor:not(.elementor-drop-cap-view-default) .elementor-drop-cap-letter{width:1em;height:1em}.elementor-widget-text-editor .elementor-drop-cap{float:left;text-align:center;line-height:1;font-size:50px}.elementor-widget-text-editor .elementor-drop-cap-letter{display:inline-block}<\/style>\t\t\t\t<p>Soutien scolaire, remise \u00e0 niveau et renforcement p\u00e9dagogique<br \/>pour les \u00e9l\u00e8ves scolaris\u00e9s \u00e0 domicile ou \u00e0 distance (primaire et secondaire).<br \/>Sessions intensives de pr\u00e9parations aux \u00e9preuves externes<\/p>\t\t\t\t\t\t<\/div>\n\t\t\t\t<\/div>\n\t\t\t\t\t<\/div>\n\t\t<\/div>\n\t\t\t\t\t<\/div>\n\t\t<\/section>\n\t\t\t\t<\/div>\n\t\t","protected":false},"excerpt":{"rendered":"<p>Soutien scolaire, remise \u00e0 niveau et renforcement p\u00e9dagogiquepour les \u00e9l\u00e8ves scolaris\u00e9s \u00e0 domicile ou \u00e0 distance (primaire et secondaire).Sessions intensives de pr\u00e9parations aux \u00e9preuves externes<\/p>\n","protected":false},"author":2,"featured_media":0,"parent":0,"menu_order":0,"comment_status":"closed","ping_status":"closed","template":"elementor_header_footer","meta":{"neve_meta_sidebar":"","neve_meta_container":"","neve_meta_enable_content_width":"","neve_meta_content_width":0,"neve_meta_title_alignment":"","neve_meta_author_avatar":"","neve_post_elements_order":"","neve_meta_disable_header":"","neve_meta_disable_footer":"","neve_meta_disable_title":"","footnotes":""},"yoast_head":"<!-- This site is optimized with the Yoast SEO plugin v18.4.1 - https:\/\/yoast.com\/wordpress\/plugins\/seo\/ -->\n<title>Enseignement \u00e0 domicile - Universit\u00e9 des Familles<\/title>\n<meta name=\"robots\" content=\"index, follow, max-snippet:-1, max-image-preview:large, max-video-preview:-1\" \/>\n<link rel=\"canonical\" href=\"https:\/\/universitedesfamilles.be\/index.php\/enseignement-a-domicile\/\" \/>\n<meta property=\"og:locale\" content=\"fr_FR\" \/>\n<meta property=\"og:type\" content=\"article\" \/>\n<meta property=\"og:title\" content=\"Enseignement \u00e0 domicile - Universit\u00e9 des Familles\" \/>\n<meta property=\"og:description\" content=\"Soutien scolaire, remise \u00e0 niveau et renforcement p\u00e9dagogiquepour les \u00e9l\u00e8ves scolaris\u00e9s \u00e0 domicile ou \u00e0 distance (primaire et secondaire).Sessions intensives de pr\u00e9parations aux \u00e9preuves externes\" \/>\n<meta property=\"og:url\" content=\"https:\/\/universitedesfamilles.be\/index.php\/enseignement-a-domicile\/\" \/>\n<meta property=\"og:site_name\" content=\"Universit\u00e9 des Familles\" \/>\n<meta property=\"article:modified_time\" content=\"2021-09-17T13:59:17+00:00\" \/>\n<meta name=\"twitter:card\" content=\"summary_large_image\" \/>\n<meta name=\"twitter:label1\" content=\"Dur\u00e9e de lecture estim\u00e9e\" \/>\n\t<meta name=\"twitter:data1\" content=\"1 minute\" \/>\n<script type=\"application\/ld+json\" class=\"yoast-schema-graph\">{\"@context\":\"https:\/\/schema.org\",\"@graph\":[{\"@type\":\"WebSite\",\"@id\":\"https:\/\/universitedesfamilles.be\/#website\",\"url\":\"https:\/\/universitedesfamilles.be\/\",\"name\":\"Universit\u00e9 des Familles\",\"description\":\"Soutien scolaire \u00e0 domicile \u2022 Pr\u00e9vention et lutte contre l\u2019\u00e9chec scolaire et contre le d\u00e9crochage scolaire\",\"potentialAction\":[{\"@type\":\"SearchAction\",\"target\":{\"@type\":\"EntryPoint\",\"urlTemplate\":\"https:\/\/universitedesfamilles.be\/?s={search_term_string}\"},\"query-input\":\"required name=search_term_string\"}],\"inLanguage\":\"fr-FR\"},{\"@type\":\"WebPage\",\"@id\":\"https:\/\/universitedesfamilles.be\/index.php\/enseignement-a-domicile\/#webpage\",\"url\":\"https:\/\/universitedesfamilles.be\/index.php\/enseignement-a-domicile\/\",\"name\":\"Enseignement \u00e0 domicile - Universit\u00e9 des Familles\",\"isPartOf\":{\"@id\":\"https:\/\/universitedesfamilles.be\/#website\"},\"datePublished\":\"2021-09-17T12:06:45+00:00\",\"dateModified\":\"2021-09-17T13:59:17+00:00\",\"breadcrumb\":{\"@id\":\"https:\/\/universitedesfamilles.be\/index.php\/enseignement-a-domicile\/#breadcrumb\"},\"inLanguage\":\"fr-FR\",\"potentialAction\":[{\"@type\":\"ReadAction\",\"target\":[\"https:\/\/universitedesfamilles.be\/index.php\/enseignement-a-domicile\/\"]}]},{\"@type\":\"BreadcrumbList\",\"@id\":\"https:\/\/universitedesfamilles.be\/index.php\/enseignement-a-domicile\/#breadcrumb\",\"itemListElement\":[{\"@type\":\"ListItem\",\"position\":1,\"name\":\"Accueil\",\"item\":\"https:\/\/universitedesfamilles.be\/\"},{\"@type\":\"ListItem\",\"position\":2,\"name\":\"Enseignement \u00e0 domicile\"}]}]}<\/script>\n<!-- \/ Yoast SEO plugin. -->","yoast_head_json":{"title":"Enseignement \u00e0 domicile - Universit\u00e9 des Familles","robots":{"index":"index","follow":"follow","max-snippet":"max-snippet:-1","max-image-preview":"max-image-preview:large","max-video-preview":"max-video-preview:-1"},"canonical":"https:\/\/universitedesfamilles.be\/index.php\/enseignement-a-domicile\/","og_locale":"fr_FR","og_type":"article","og_title":"Enseignement \u00e0 domicile - Universit\u00e9 des Familles","og_description":"Soutien scolaire, remise \u00e0 niveau et renforcement p\u00e9dagogiquepour les \u00e9l\u00e8ves scolaris\u00e9s \u00e0 domicile ou \u00e0 distance (primaire et secondaire).Sessions intensives de pr\u00e9parations aux \u00e9preuves externes","og_url":"https:\/\/universitedesfamilles.be\/index.php\/enseignement-a-domicile\/","og_site_name":"Universit\u00e9 des Familles","article_modified_time":"2021-09-17T13:59:17+00:00","twitter_card":"summary_large_image","twitter_misc":{"Dur\u00e9e de lecture estim\u00e9e":"1 minute"},"schema":{"@context":"https:\/\/schema.org","@graph":[{"@type":"WebSite","@id":"https:\/\/universitedesfamilles.be\/#website","url":"https:\/\/universitedesfamilles.be\/","name":"Universit\u00e9 des Familles","description":"Soutien scolaire \u00e0 domicile \u2022 Pr\u00e9vention et lutte contre l\u2019\u00e9chec scolaire et contre le d\u00e9crochage scolaire","potentialAction":[{"@type":"SearchAction","target":{"@type":"EntryPoint","urlTemplate":"https:\/\/universitedesfamilles.be\/?s={search_term_string}"},"query-input":"required name=search_term_string"}],"inLanguage":"fr-FR"},{"@type":"WebPage","@id":"https:\/\/universitedesfamilles.be\/index.php\/enseignement-a-domicile\/#webpage","url":"https:\/\/universitedesfamilles.be\/index.php\/enseignement-a-domicile\/","name":"Enseignement \u00e0 domicile - Universit\u00e9 des Familles","isPartOf":{"@id":"https:\/\/universitedesfamilles.be\/#website"},"datePublished":"2021-09-17T12:06:45+00:00","dateModified":"2021-09-17T13:59:17+00:00","breadcrumb":{"@id":"https:\/\/universitedesfamilles.be\/index.php\/enseignement-a-domicile\/#breadcrumb"},"inLanguage":"fr-FR","potentialAction":[{"@type":"ReadAction","target":["https:\/\/universitedesfamilles.be\/index.php\/enseignement-a-domicile\/"]}]},{"@type":"BreadcrumbList","@id":"https:\/\/universitedesfamilles.be\/index.php\/enseignement-a-domicile\/#breadcrumb","itemListElement":[{"@type":"ListItem","position":1,"name":"Accueil","item":"https:\/\/universitedesfamilles.be\/"},{"@type":"ListItem","position":2,"name":"Enseignement \u00e0 domicile"}]}]}},"_links":{"self":[{"href":"https:\/\/universitedesfamilles.be\/index.php\/wp-json\/wp\/v2\/pages\/833"}],"collection":[{"href":"https:\/\/universitedesfamilles.be\/index.php\/wp-json\/wp\/v2\/pages"}],"about":[{"href":"https:\/\/universitedesfamilles.be\/index.php\/wp-json\/wp\/v2\/types\/page"}],"author":[{"embeddable":true,"href":"https:\/\/universitedesfamilles.be\/index.php\/wp-json\/wp\/v2\/users\/2"}],"replies":[{"embeddable":true,"href":"https:\/\/universitedesfamilles.be\/index.php\/wp-json\/wp\/v2\/comments?post=833"}],"version-history":[{"count":13,"href":"https:\/\/universitedesfamilles.be\/index.php\/wp-json\/wp\/v2\/pages\/833\/revisions"}],"predecessor-version":[{"id":969,"href":"https:\/\/universitedesfamilles.be\/index.php\/wp-json\/wp\/v2\/pages\/833\/revisions\/969"}],"wp:attachment":[{"href":"https:\/\/universitedesfamilles.be\/index.php\/wp-json\/wp\/v2\/media?parent=833"}],"curies":[{"name":"wp","href":"https:\/\/api.w.org\/{rel}","templated":true}]}}